{"id":2037,"date":"2025-09-01T21:47:06","date_gmt":"2025-09-01T20:47:06","guid":{"rendered":"https:\/\/premio.diariodarepublica.pt\/?page_id=2037"},"modified":"2025-09-01T22:01:03","modified_gmt":"2025-09-01T21:01:03","slug":"entregadepremios","status":"publish","type":"page","link":"https:\/\/premio.diariodarepublica.pt\/index.php\/entregadepremios\/","title":{"rendered":"Entrega de Pr\u00e9mios PDR3"},"content":{"rendered":"\t\t<div data-elementor-type=\"wp-page\" data-elementor-id=\"2037\" class=\"elementor elementor-2037\">\n\t\t\t\t\t\t<section class=\"elementor-section elementor-top-section elementor-element elementor-element-6b043c9 elementor-section-full_width elementor-section-stretched elementor-section-height-default elementor-section-height-default\" data-id=\"6b043c9\" data-element_type=\"section\" data-settings=\"{&quot;stretch_section&quot;:&quot;section-stretched&quot;,&quot;background_background&quot;:&quot;slideshow&quot;,&quot;background_slideshow_gallery&quot;:[{&quot;id&quot;:2048,&quot;url&quot;:&quot;https:\\\/\\\/premio.diariodarepublica.pt\\\/wp-content\\\/uploads\\\/2025\\\/09\\\/Imagem-1-website.png&quot;}],&quot;background_slideshow_slide_duration&quot;:5000,&quot;background_slideshow_slide_transition&quot;:&quot;fade&quot;,&quot;background_slideshow_transition_duration&quot;:500}\">\n\t\t\t\t\t\t<div class=\"elementor-container elementor-column-gap-default\">\n\t\t\t\t\t<div class=\"elementor-column elementor-col-100 elementor-top-column elementor-element elementor-element-13a65c4\" data-id=\"13a65c4\" data-element_type=\"column\">\n\t\t\t<div class=\"elementor-widget-wrap elementor-element-populated\">\n\t\t\t\t\t\t<div class=\"elementor-element elementor-element-0439e3b elementor-widget elementor-widget-spacer\" data-id=\"0439e3b\" data-element_type=\"widget\" data-widget_type=\"spacer.default\">\n\t\t\t\t<div class=\"elementor-widget-container\">\n\t\t\t\t\t\t\t<div class=\"elementor-spacer\">\n\t\t\t<div class=\"elementor-spacer-inner\"><\/div>\n\t\t<\/div>\n\t\t\t\t\t\t<\/div>\n\t\t\t\t<\/div>\n\t\t\t\t\t<\/div>\n\t\t<\/div>\n\t\t\t\t\t<\/div>\n\t\t<\/section>\n\t\t\t\t<section class=\"elementor-section elementor-top-section elementor-element elementor-element-b4f34b5 elementor-section-boxed elementor-section-height-default elementor-section-height-default\" data-id=\"b4f34b5\" data-element_type=\"section\">\n\t\t\t\t\t\t<div class=\"elementor-container elementor-column-gap-default\">\n\t\t\t\t\t<div class=\"elementor-column elementor-col-100 elementor-top-column elementor-element elementor-element-93f5b47\" data-id=\"93f5b47\" data-element_type=\"column\">\n\t\t\t<div class=\"elementor-widget-wrap elementor-element-populated\">\n\t\t\t\t\t\t<div class=\"elementor-element elementor-element-6c5c2c5 elementor-widget elementor-widget-spacer\" data-id=\"6c5c2c5\" data-element_type=\"widget\" data-widget_type=\"spacer.default\">\n\t\t\t\t<div class=\"elementor-widget-container\">\n\t\t\t\t\t\t\t<div class=\"elementor-spacer\">\n\t\t\t<div class=\"elementor-spacer-inner\"><\/div>\n\t\t<\/div>\n\t\t\t\t\t\t<\/div>\n\t\t\t\t<\/div>\n\t\t\t\t<div class=\"elementor-element elementor-element-3d7f31f elementor-widget elementor-widget-spacer\" data-id=\"3d7f31f\" data-element_type=\"widget\" data-widget_type=\"spacer.default\">\n\t\t\t\t<div class=\"elementor-widget-container\">\n\t\t\t\t\t\t\t<div class=\"elementor-spacer\">\n\t\t\t<div class=\"elementor-spacer-inner\"><\/div>\n\t\t<\/div>\n\t\t\t\t\t\t<\/div>\n\t\t\t\t<\/div>\n\t\t\t\t<div class=\"elementor-element elementor-element-306ec3e elementor-widget elementor-widget-heading\" data-id=\"306ec3e\" data-element_type=\"widget\" data-widget_type=\"heading.default\">\n\t\t\t\t<div class=\"elementor-widget-container\">\n\t\t\t\t\t<h2 class=\"elementor-heading-title elementor-size-default\">Evento de entrega de pr\u00e9mios da 3.\u00aa edi\u00e7\u00e3o do Pr\u00e9mio Di\u00e1rio da Rep\u00fablica e inaugura\u00e7\u00e3o da exposi\u00e7\u00e3o de fotografia \u00abVamos fotografar a lei\u00bb <\/h2>\t\t\t\t<\/div>\n\t\t\t\t<\/div>\n\t\t\t\t<div class=\"elementor-element elementor-element-2bd45fe elementor-widget elementor-widget-text-editor\" data-id=\"2bd45fe\" data-element_type=\"widget\" data-widget_type=\"text-editor.default\">\n\t\t\t\t<div class=\"elementor-widget-container\">\n\t\t\t\t\t\t\t\t\t<p><span data-contrast=\"auto\">Nesta edi\u00e7\u00e3o do Pr\u00e9mio Di\u00e1rio da Rep\u00fablica, que conta com o Alto Patroc\u00ednio de Sua Excel\u00eancia o Presidente da Rep\u00fablica, os participantes foram desafiados a refletir e observar a presen\u00e7a da lei em a\u00e7\u00e3o no seu dia a dia, captando uma fotografia que o ilustrasse.\u00a0<\/span><span data-ccp-props=\"{&quot;201341983&quot;:0,&quot;335551550&quot;:6,&quot;335551620&quot;:6,&quot;335559738&quot;:120,&quot;335559740&quot;:276}\">\u00a0<\/span><\/p><p><span data-contrast=\"auto\">O concurso contou, nesta edi\u00e7\u00e3o, com mais de uma centena e meia de fotografias apresentadas que relacionam momentos e lugares do dia a dia com a lei, notando a sua presen\u00e7a.<\/span><span data-ccp-props=\"{&quot;201341983&quot;:0,&quot;335551550&quot;:6,&quot;335551620&quot;:6,&quot;335559738&quot;:120,&quot;335559740&quot;:276}\">\u00a0<\/span><\/p><p><span data-contrast=\"auto\">A Imprensa Nacional-Casa da Moeda premeia, agora, os participantes que mais se destacaram, segundo avalia\u00e7\u00e3o do J\u00fari do concurso e vota\u00e7\u00e3o online, no evento de encerramento da iniciativa, no dia 8 de setembro, pelas 16h30, com transmiss\u00e3o em direto no canal no <\/span><a href=\"https:\/\/www.youtube.com\/@DiarioRepublicaPT\"><span data-contrast=\"none\">YouTube<\/span><\/a><span data-contrast=\"auto\"> do Di\u00e1rio da Rep\u00fablica.<\/span><span data-ccp-props=\"{&quot;201341983&quot;:0,&quot;335551550&quot;:6,&quot;335551620&quot;:6,&quot;335559738&quot;:120,&quot;335559740&quot;:276}\">\u00a0<\/span><\/p><p><span data-contrast=\"auto\">Os autores das fotografias classificadas em primeiro, segundo e terceiro lugar em cada uma das categorias do concurso &#8211; menos de dezoito anos e mais de dezoito anos de idade &#8211; recebem, respetivamente, cheques-forma\u00e7\u00e3o atribu\u00eddos pelo parceiro desta iniciativa, o Instituto Portugu\u00eas de Fotografia, e pr\u00e9mios em valor monet\u00e1rio, oferecidos pela Imprensa Nacional-Casa da Moeda.<\/span><span data-ccp-props=\"{&quot;201341983&quot;:0,&quot;335551550&quot;:6,&quot;335551620&quot;:6,&quot;335559738&quot;:120,&quot;335559740&quot;:276}\">\u00a0<\/span><\/p><p><span data-contrast=\"auto\">No dia 8 de setembro ser\u00e1, ainda, inaugurada a exposi\u00e7\u00e3o de fotografia \u00abVamos fotografar a lei\u00bb, que re\u00fane os trabalhos fotogr\u00e1ficos dos vencedores do concurso. A exposi\u00e7\u00e3o est\u00e1 dispon\u00edvel para visita gratuita, na Galeria da Imprensa Nacional, na Rua da Escola Polit\u00e9cnica, 135, Lisboa, das 10h \u00e0s 19h, de 8 a 19 de setembro.<\/span><span data-ccp-props=\"{&quot;201341983&quot;:0,&quot;335551550&quot;:6,&quot;335551620&quot;:6,&quot;335559738&quot;:120,&quot;335559740&quot;:276}\">\u00a0<\/span><\/p><p><span data-contrast=\"auto\">Todas as informa\u00e7\u00f5es sobre esta edi\u00e7\u00e3o do Pr\u00e9mio Di\u00e1rio da Rep\u00fablica dispon\u00edveis em\u202f<\/span><a href=\"https:\/\/premio.diariodarepublica.pt\/\"><span data-contrast=\"none\">premio.diariodarepublica.pt<\/span><\/a><span data-ccp-props=\"{&quot;201341983&quot;:0,&quot;335551550&quot;:6,&quot;335551620&quot;:6,&quot;335559738&quot;:120,&quot;335559740&quot;:276}\">\u00a0<\/span><\/p>\t\t\t\t\t\t\t\t<\/div>\n\t\t\t\t<\/div>\n\t\t\t\t<div class=\"elementor-element elementor-element-38e21a2 elementor-widget elementor-widget-spacer\" data-id=\"38e21a2\" data-element_type=\"widget\" data-widget_type=\"spacer.default\">\n\t\t\t\t<div class=\"elementor-widget-container\">\n\t\t\t\t\t\t\t<div class=\"elementor-spacer\">\n\t\t\t<div class=\"elementor-spacer-inner\"><\/div>\n\t\t<\/div>\n\t\t\t\t\t\t<\/div>\n\t\t\t\t<\/div>\n\t\t\t\t\t<\/div>\n\t\t<\/div>\n\t\t\t\t\t<\/div>\n\t\t<\/section>\n\t\t\t\t<section class=\"elementor-section elementor-top-section elementor-element elementor-element-084e001 elementor-section-boxed elementor-section-height-default elementor-section-height-default\" data-id=\"084e001\" data-element_type=\"section\">\n\t\t\t\t\t\t<div class=\"elementor-container elementor-column-gap-default\">\n\t\t\t\t\t<div class=\"elementor-column elementor-col-100 elementor-top-column elementor-element elementor-element-aa16ccc\" data-id=\"aa16ccc\" data-element_type=\"column\">\n\t\t\t<div class=\"elementor-widget-wrap elementor-element-populated\">\n\t\t\t\t\t\t<div class=\"elementor-element elementor-element-18196f7 elementor-widget elementor-widget-spacer\" data-id=\"18196f7\" data-element_type=\"widget\" data-widget_type=\"spacer.default\">\n\t\t\t\t<div class=\"elementor-widget-container\">\n\t\t\t\t\t\t\t<div class=\"elementor-spacer\">\n\t\t\t<div class=\"elementor-spacer-inner\"><\/div>\n\t\t<\/div>\n\t\t\t\t\t\t<\/div>\n\t\t\t\t<\/div>\n\t\t\t\t<div class=\"elementor-element elementor-element-bfecf21 elementor-widget elementor-widget-heading\" data-id=\"bfecf21\" data-element_type=\"widget\" data-widget_type=\"heading.default\">\n\t\t\t\t<div class=\"elementor-widget-container\">\n\t\t\t\t\t<h5 class=\"elementor-heading-title elementor-size-default\">Uma iniciativa da Imprensa Nacional-Casa da Moeda<\/h5>\t\t\t\t<\/div>\n\t\t\t\t<\/div>\n\t\t\t\t<div class=\"elementor-element elementor-element-94c7846 elementor-widget elementor-widget-image\" data-id=\"94c7846\" data-element_type=\"widget\" data-widget_type=\"image.default\">\n\t\t\t\t<div class=\"elementor-widget-container\">\n\t\t\t\t\t\t\t\t\t\t\t\t\t\t\t<img fetchpriority=\"high\" decoding=\"async\" width=\"1024\" height=\"107\" src=\"https:\/\/premio.diariodarepublica.pt\/wp-content\/uploads\/2023\/09\/Logos_Iniciativa_DR-1024x107.png\" class=\"attachment-large size-large wp-image-1066\" alt=\"\" srcset=\"https:\/\/premio.diariodarepublica.pt\/wp-content\/uploads\/2023\/09\/Logos_Iniciativa_DR-1024x107.png 1024w, https:\/\/premio.diariodarepublica.pt\/wp-content\/uploads\/2023\/09\/Logos_Iniciativa_DR-300x31.png 300w, https:\/\/premio.diariodarepublica.pt\/wp-content\/uploads\/2023\/09\/Logos_Iniciativa_DR-768x80.png 768w, https:\/\/premio.diariodarepublica.pt\/wp-content\/uploads\/2023\/09\/Logos_Iniciativa_DR-1536x160.png 1536w, https:\/\/premio.diariodarepublica.pt\/wp-content\/uploads\/2023\/09\/Logos_Iniciativa_DR.png 1544w\" sizes=\"(max-width: 1024px) 100vw, 1024px\" \/>\t\t\t\t\t\t\t\t\t\t\t\t\t\t\t<\/div>\n\t\t\t\t<\/div>\n\t\t\t\t\t<\/div>\n\t\t<\/div>\n\t\t\t\t\t<\/div>\n\t\t<\/section>\n\t\t\t\t<section class=\"elementor-section elementor-top-section elementor-element elementor-element-a5dd5f4 elementor-section-boxed elementor-section-height-default elementor-section-height-default\" data-id=\"a5dd5f4\" data-element_type=\"section\">\n\t\t\t\t\t\t<div class=\"elementor-container elementor-column-gap-default\">\n\t\t\t\t\t<div class=\"elementor-column elementor-col-100 elementor-top-column elementor-element elementor-element-3e9ab78\" data-id=\"3e9ab78\" data-element_type=\"column\">\n\t\t\t<div class=\"elementor-widget-wrap elementor-element-populated\">\n\t\t\t\t\t\t<div class=\"elementor-element elementor-element-6c1ca7e elementor-widget elementor-widget-heading\" data-id=\"6c1ca7e\" data-element_type=\"widget\" data-widget_type=\"heading.default\">\n\t\t\t\t<div class=\"elementor-widget-container\">\n\t\t\t\t\t<h6 class=\"elementor-heading-title elementor-size-default\">Alto patroc\u00ednio<\/h6>\t\t\t\t<\/div>\n\t\t\t\t<\/div>\n\t\t\t\t<div class=\"elementor-element elementor-element-022d96a elementor-widget elementor-widget-heading\" data-id=\"022d96a\" data-element_type=\"widget\" data-widget_type=\"heading.default\">\n\t\t\t\t<div class=\"elementor-widget-container\">\n\t\t\t\t\t<h6 class=\"elementor-heading-title elementor-size-default\">Apoio<\/h6>\t\t\t\t<\/div>\n\t\t\t\t<\/div>\n\t\t\t\t<div class=\"elementor-element elementor-element-5b16cc6 elementor-widget elementor-widget-heading\" data-id=\"5b16cc6\" data-element_type=\"widget\" data-widget_type=\"heading.default\">\n\t\t\t\t<div class=\"elementor-widget-container\">\n\t\t\t\t\t<h6 class=\"elementor-heading-title elementor-size-default\">Parceiro de media<\/h6>\t\t\t\t<\/div>\n\t\t\t\t<\/div>\n\t\t\t\t<div class=\"elementor-element elementor-element-62941a7 elementor-widget elementor-widget-image\" data-id=\"62941a7\" data-element_type=\"widget\" data-widget_type=\"image.default\">\n\t\t\t\t<div class=\"elementor-widget-container\">\n\t\t\t\t\t\t\t\t\t\t\t\t\t\t\t<img decoding=\"async\" src=\"https:\/\/premio.diariodarepublica.pt\/wp-content\/uploads\/elementor\/thumbs\/Logotipos_PReIPF-scaled-r5cw9lta71o3zu87it5cwkvd4y3v7wc3r7fslobqqy.png\" title=\"Logotipos_PReIPF\" alt=\"Logotipos_PReIPF\" loading=\"lazy\" \/>\t\t\t\t\t\t\t\t\t\t\t\t\t\t\t<\/div>\n\t\t\t\t<\/div>\n\t\t\t\t<div class=\"elementor-element elementor-element-63f59eb elementor-widget elementor-widget-spacer\" data-id=\"63f59eb\" data-element_type=\"widget\" data-widget_type=\"spacer.default\">\n\t\t\t\t<div class=\"elementor-widget-container\">\n\t\t\t\t\t\t\t<div class=\"elementor-spacer\">\n\t\t\t<div class=\"elementor-spacer-inner\"><\/div>\n\t\t<\/div>\n\t\t\t\t\t\t<\/div>\n\t\t\t\t<\/div>\n\t\t\t\t<div class=\"elementor-element elementor-element-8d8f151 elementor-widget elementor-widget-text-editor\" data-id=\"8d8f151\" data-element_type=\"widget\" data-widget_type=\"text-editor.default\">\n\t\t\t\t<div class=\"elementor-widget-container\">\n\t\t\t\t\t\t\t\t\t<p>Sigam-nos:<\/p>\t\t\t\t\t\t\t\t<\/div>\n\t\t\t\t<\/div>\n\t\t\t\t<div class=\"elementor-element elementor-element-028437d elementor-shape-circle e-grid-align-right elementor-grid-0 elementor-widget elementor-widget-social-icons\" data-id=\"028437d\" data-element_type=\"widget\" data-widget_type=\"social-icons.default\">\n\t\t\t\t<div class=\"elementor-widget-container\">\n\t\t\t\t\t\t\t<div class=\"elementor-social-icons-wrapper elementor-grid\" role=\"list\">\n\t\t\t\t\t\t\t<span class=\"elementor-grid-item\" role=\"listitem\">\n\t\t\t\t\t<a class=\"elementor-icon elementor-social-icon elementor-social-icon-youtube elementor-repeater-item-31bb03a\" href=\"https:\/\/www.youtube.com\/@DiarioRepublicaPT\" target=\"_blank\">\n\t\t\t\t\t\t<span class=\"elementor-screen-only\">Youtube<\/span>\n\t\t\t\t\t\t<i aria-hidden=\"true\" class=\"fab fa-youtube\"><\/i>\t\t\t\t\t<\/a>\n\t\t\t\t<\/span>\n\t\t\t\t\t\t\t<span class=\"elementor-grid-item\" role=\"listitem\">\n\t\t\t\t\t<a class=\"elementor-icon elementor-social-icon elementor-social-icon-instagram elementor-repeater-item-f17f3c1\" href=\"https:\/\/www.instagram.com\/diariorepublica\/\" target=\"_blank\">\n\t\t\t\t\t\t<span class=\"elementor-screen-only\">Instagram<\/span>\n\t\t\t\t\t\t<i aria-hidden=\"true\" class=\"fab fa-instagram\"><\/i>\t\t\t\t\t<\/a>\n\t\t\t\t<\/span>\n\t\t\t\t\t\t\t<span class=\"elementor-grid-item\" role=\"listitem\">\n\t\t\t\t\t<a class=\"elementor-icon elementor-social-icon elementor-social-icon-facebook elementor-repeater-item-4327278\" href=\"https:\/\/www.facebook.com\/DiarioRepublicaPT\" target=\"_blank\">\n\t\t\t\t\t\t<span class=\"elementor-screen-only\">Facebook<\/span>\n\t\t\t\t\t\t<i aria-hidden=\"true\" class=\"fab fa-facebook\"><\/i>\t\t\t\t\t<\/a>\n\t\t\t\t<\/span>\n\t\t\t\t\t\t\t<span class=\"elementor-grid-item\" role=\"listitem\">\n\t\t\t\t\t<a class=\"elementor-icon elementor-social-icon elementor-social-icon-twitter elementor-repeater-item-a13d68d\" href=\"https:\/\/twitter.com\/diariorepublica\" target=\"_blank\">\n\t\t\t\t\t\t<span class=\"elementor-screen-only\">Twitter<\/span>\n\t\t\t\t\t\t<i aria-hidden=\"true\" class=\"fab fa-twitter\"><\/i>\t\t\t\t\t<\/a>\n\t\t\t\t<\/span>\n\t\t\t\t\t\t\t<span class=\"elementor-grid-item\" role=\"listitem\">\n\t\t\t\t\t<a class=\"elementor-icon elementor-social-icon elementor-social-icon-linkedin elementor-repeater-item-2b07357\" href=\"https:\/\/www.linkedin.com\/showcase\/diariorepublica\/\" target=\"_blank\">\n\t\t\t\t\t\t<span class=\"elementor-screen-only\">Linkedin<\/span>\n\t\t\t\t\t\t<i aria-hidden=\"true\" class=\"fab fa-linkedin\"><\/i>\t\t\t\t\t<\/a>\n\t\t\t\t<\/span>\n\t\t\t\t\t<\/div>\n\t\t\t\t\t\t<\/div>\n\t\t\t\t<\/div>\n\t\t\t\t\t<\/div>\n\t\t<\/div>\n\t\t\t\t\t<\/div>\n\t\t<\/section>\n\t\t\t\t<\/div>\n\t\t","protected":false},"excerpt":{"rendered":"<p>Evento de entrega de pr\u00e9mios da 3.\u00aa edi\u00e7\u00e3o do Pr\u00e9mio Di\u00e1rio da Rep\u00fablica e inaugura\u00e7\u00e3o da exposi\u00e7\u00e3o de fotografia \u00abVamos fotografar a lei\u00bb Nesta edi\u00e7\u00e3o do Pr\u00e9mio Di\u00e1rio da Rep\u00fablica, que conta com o Alto Patroc\u00ednio de Sua Excel\u00eancia o Presidente da Rep\u00fablica, os participantes foram desafiados a refletir e observar a presen\u00e7a da lei&hellip;&nbsp;<a href=\"https:\/\/premio.diariodarepublica.pt\/index.php\/entregadepremios\/\" rel=\"bookmark\">Ler mais &raquo;<span class=\"screen-reader-text\">Entrega de Pr\u00e9mios PDR3<\/span><\/a><\/p>\n","protected":false},"author":6,"featured_media":0,"parent":0,"menu_order":0,"comment_status":"closed","ping_status":"closed","template":"","meta":{"neve_meta_sidebar":"","neve_meta_container":"","neve_meta_enable_content_width":"on","neve_meta_content_width":80,"neve_meta_title_alignment":"left","neve_meta_author_avatar":"","neve_post_elements_order":"","neve_meta_disable_header":"","neve_meta_disable_footer":"","neve_meta_disable_title":"on","footnotes":""},"class_list":["post-2037","page","type-page","status-publish","hentry"],"publishpress_future_action":{"enabled":false,"date":"2026-05-07 14:26:27","action":"change-status","newStatus":"draft","terms":[],"taxonomy":"","extraData":[]},"publishpress_future_workflow_manual_trigger":{"enabledWorkflows":[]},"_links":{"self":[{"href":"https:\/\/premio.diariodarepublica.pt\/index.php\/wp-json\/wp\/v2\/pages\/2037","targetHints":{"allow":["GET"]}}],"collection":[{"href":"https:\/\/premio.diariodarepublica.pt\/index.php\/wp-json\/wp\/v2\/pages"}],"about":[{"href":"https:\/\/premio.diariodarepublica.pt\/index.php\/wp-json\/wp\/v2\/types\/page"}],"author":[{"embeddable":true,"href":"https:\/\/premio.diariodarepublica.pt\/index.php\/wp-json\/wp\/v2\/users\/6"}],"replies":[{"embeddable":true,"href":"https:\/\/premio.diariodarepublica.pt\/index.php\/wp-json\/wp\/v2\/comments?post=2037"}],"version-history":[{"count":7,"href":"https:\/\/premio.diariodarepublica.pt\/index.php\/wp-json\/wp\/v2\/pages\/2037\/revisions"}],"predecessor-version":[{"id":2051,"href":"https:\/\/premio.diariodarepublica.pt\/index.php\/wp-json\/wp\/v2\/pages\/2037\/revisions\/2051"}],"wp:attachment":[{"href":"https:\/\/premio.diariodarepublica.pt\/index.php\/wp-json\/wp\/v2\/media?parent=2037"}],"curies":[{"name":"wp","href":"https:\/\/api.w.org\/{rel}","templated":true}]}}