{"id":103,"date":"2022-03-24T17:00:13","date_gmt":"2022-03-24T17:00:13","guid":{"rendered":"https:\/\/premio.dre.pt\/?page_id=103"},"modified":"2022-09-16T15:35:05","modified_gmt":"2022-09-16T15:35:05","slug":"concorrer","status":"publish","type":"page","link":"https:\/\/premio.diariodarepublica.pt\/index.php\/concorrer\/","title":{"rendered":"Concorrer"},"content":{"rendered":"\n<div class=\"wp-block-cover alignfull is-light\" style=\"min-height:300px;aspect-ratio:unset;\"><span aria-hidden=\"true\" class=\"wp-block-cover__background has-background-dim\"><\/span><img fetchpriority=\"high\" decoding=\"async\" width=\"2560\" height=\"1707\" class=\"wp-block-cover__image-background wp-image-730\" alt=\"\" src=\"https:\/\/premio.dre.pt\/wp-content\/uploads\/2022\/09\/dre-scaled.jpg\" style=\"object-position:46% 33%\" data-object-fit=\"cover\" data-object-position=\"46% 33%\" srcset=\"https:\/\/premio.diariodarepublica.pt\/wp-content\/uploads\/2022\/09\/dre-scaled.jpg 2560w, https:\/\/premio.diariodarepublica.pt\/wp-content\/uploads\/2022\/09\/dre-300x200.jpg 300w, https:\/\/premio.diariodarepublica.pt\/wp-content\/uploads\/2022\/09\/dre-1024x683.jpg 1024w, https:\/\/premio.diariodarepublica.pt\/wp-content\/uploads\/2022\/09\/dre-768x512.jpg 768w, https:\/\/premio.diariodarepublica.pt\/wp-content\/uploads\/2022\/09\/dre-1536x1024.jpg 1536w, https:\/\/premio.diariodarepublica.pt\/wp-content\/uploads\/2022\/09\/dre-2048x1365.jpg 2048w, https:\/\/premio.diariodarepublica.pt\/wp-content\/uploads\/2022\/09\/dre-930x620.jpg 930w\" sizes=\"(max-width: 2560px) 100vw, 2560px\" \/><div class=\"wp-block-cover__inner-container is-layout-flow wp-block-cover-is-layout-flow\">\n<h1 class=\"has-text-align-center has-background-color has-text-color wp-block-heading\" style=\"font-size:50px;text-transform:capitalize\"><strong>Concorrer<\/strong><\/h1>\n<\/div><\/div>\n\n\n\n<div style=\"height:50px\" aria-hidden=\"true\" class=\"wp-block-spacer\"><\/div>\n\n\n\n<p><strong>Como?<\/strong><\/p>\n\n\n<p>Atrav\u00e9s do envio de uma proposta de log\u00f3tipo incluindo obrigatoriamente os seguintes elementos:<\/p>\n<ol>\n<li style=\"list-style-type: none;\">\n<ol style=\"list-style-type: lower-alpha;\">\n<li>Designa\u00e7\u00e3o do jornal oficial: \u201cDi\u00e1rio da Rep\u00fablica\u201d;<\/li>\n<li>Alus\u00e3o a elementos da Bandeira Nacional.<\/li>\n<\/ol>\n<\/li>\n<\/ol>\n<p style=\"text-align: justify;\">A proposta de log\u00f3tipo pode ainda incluir a sigla DR e deve ter a versatilidade necess\u00e1ria para ser utilizado em ecr\u00e3 e em papel, conforme os artigos 2.\u00ba e 3.\u00ba do <a href=\"https:\/\/premio.dre.pt\/index.php\/regulamento\/\" target=\"_blank\" rel=\"noreferrer noopener\">Regulamento<\/a>.<!-- \/wp:post-content --> <!-- wp:paragraph --><\/p>\n<p><strong>Quando?<\/strong><!-- \/wp:paragraph --> <!-- wp:paragraph --><\/p>\n<p>O prazo de entrega das candidaturas termina \u00e0s <strong>18 horas<\/strong> do dia <strong>31 de outubro de 2022<\/strong>.<!-- \/wp:paragraph --> <!-- wp:paragraph --><\/p>\n<p><strong>Quem?<\/strong><!-- \/wp:paragraph --> <!-- wp:paragraph --><\/p>\n<p>Podem apresentar propostas ao presente concurso:<\/p>\n<ol style=\"list-style-type: lower-alpha;\">\n<li>o estudante inscrito, \u00e0 data-limite de apresenta\u00e7\u00e3o de candidaturas, num ciclo de estudos superiores classificado numa das seguintes \u00e1reas, de acordo com a <a href=\"https:\/\/cnaef.dgeec.mec.pt\/cnaef.php\" target=\"_blank\" rel=\"noreferrer noopener\">Classifica\u00e7\u00e3o Nacional de \u00c1reas de Educa\u00e7\u00e3o e Forma\u00e7\u00e3o \u2013 CITE-F\/2013<\/a>:\n<ol style=\"list-style-type: lower-roman;\">\n<li>0213 \u2013 Belas-Artes;<\/li>\n<li>0212 \u2013 Design de moda, de interiores e Industrial; ou<\/li>\n<li>0211 \u2013 T\u00e9cnicas audiovisuais e produ\u00e7\u00e3o dos media;<\/li>\n<\/ol>\n<\/li>\n<li>o titular de um ciclo de estudos superiores, conclu\u00eddo h\u00e1 menos de 24 meses, classificado numa das seguintes \u00e1reas, de acordo com a <a href=\"https:\/\/cnaef.dgeec.mec.pt\/cnaef.php\" data-type=\"URL\" data-id=\"https:\/\/cnaef.dgeec.mec.pt\/cnaef.php\">Classifica\u00e7\u00e3o Nacional de \u00c1reas de Educa\u00e7\u00e3o e Forma\u00e7\u00e3o \u2013 CITE-F\/2013<\/a>:\n<ol style=\"list-style-type: lower-roman;\">\n<li>0213 \u2013 Belas-Artes;<\/li>\n<li>0212 \u2013 Design de moda, de interiores e Industrial; ou<\/li>\n<li>0211 \u2013 T\u00e9cnicas audiovisuais e produ\u00e7\u00e3o dos media.<!-- wp:paragraph --><\/li>\n<\/ol>\n<\/li>\n<\/ol>\n<p>Cada candidato pode apresentar no m\u00e1ximo tr\u00eas propostas.<!-- \/wp:paragraph --><\/p>\n\n<!-- wp:paragraph -->\n<p><\/p>\n<!-- \/wp:paragraph -->","protected":false},"excerpt":{"rendered":"<p>Como? Atrav\u00e9s do envio de uma proposta de log\u00f3tipo incluindo obrigatoriamente os seguintes elementos: Designa\u00e7\u00e3o do jornal oficial: \u201cDi\u00e1rio da Rep\u00fablica\u201d; Alus\u00e3o a elementos da Bandeira Nacional. A proposta de log\u00f3tipo pode ainda incluir a sigla DR e deve ter a versatilidade necess\u00e1ria para ser utilizado em ecr\u00e3 e em papel, conforme os artigos 2.\u00ba&hellip;&nbsp;<a href=\"https:\/\/premio.diariodarepublica.pt\/index.php\/concorrer\/\" rel=\"bookmark\">Ler mais &raquo;<span class=\"screen-reader-text\">Concorrer<\/span><\/a><\/p>\n","protected":false},"author":4,"featured_media":0,"parent":0,"menu_order":0,"comment_status":"closed","ping_status":"closed","template":"","meta":{"neve_meta_sidebar":"","neve_meta_container":"","neve_meta_enable_content_width":"on","neve_meta_content_width":90,"neve_meta_title_alignment":"","neve_meta_author_avatar":"","neve_post_elements_order":"","neve_meta_disable_header":"","neve_meta_disable_footer":"","neve_meta_disable_title":"on","footnotes":""},"class_list":["post-103","page","type-page","status-publish","hentry"],"publishpress_future_action":{"enabled":false,"date":"2026-05-08 17:11:24","action":"change-status","newStatus":"draft","terms":[],"taxonomy":"","extraData":[]},"publishpress_future_workflow_manual_trigger":{"enabledWorkflows":[]},"_links":{"self":[{"href":"https:\/\/premio.diariodarepublica.pt\/index.php\/wp-json\/wp\/v2\/pages\/103","targetHints":{"allow":["GET"]}}],"collection":[{"href":"https:\/\/premio.diariodarepublica.pt\/index.php\/wp-json\/wp\/v2\/pages"}],"about":[{"href":"https:\/\/premio.diariodarepublica.pt\/index.php\/wp-json\/wp\/v2\/types\/page"}],"author":[{"embeddable":true,"href":"https:\/\/premio.diariodarepublica.pt\/index.php\/wp-json\/wp\/v2\/users\/4"}],"replies":[{"embeddable":true,"href":"https:\/\/premio.diariodarepublica.pt\/index.php\/wp-json\/wp\/v2\/comments?post=103"}],"version-history":[{"count":28,"href":"https:\/\/premio.diariodarepublica.pt\/index.php\/wp-json\/wp\/v2\/pages\/103\/revisions"}],"predecessor-version":[{"id":872,"href":"https:\/\/premio.diariodarepublica.pt\/index.php\/wp-json\/wp\/v2\/pages\/103\/revisions\/872"}],"wp:attachment":[{"href":"https:\/\/premio.diariodarepublica.pt\/index.php\/wp-json\/wp\/v2\/media?parent=103"}],"curies":[{"name":"wp","href":"https:\/\/api.w.org\/{rel}","templated":true}]}}

<div class="wp-block-cover alignfull is-light" style="min-height:300px;aspect-ratio:unset;"><span aria-hidden="true" class="wp-block-cover__background has-background-dim"></span><img fetchpriority="high" decoding="async" width="2560" height="1707" class="wp-block-cover__image-background wp-image-730" alt="" src="https://premio.dre.pt/wp-content/uploads/2022/09/dre-scaled.jpg" style="object-position:46% 33%" data-object-fit="cover" data-object-position="46% 33%" srcset="https://premio.diariodarepublica.pt/wp-content/uploads/2022/09/dre-scaled.jpg 2560w, https://premio.diariodarepublica.pt/wp-content/uploads/2022/09/dre-300x200.jpg 300w, https://premio.diariodarepublica.pt/wp-content/uploads/2022/09/dre-1024x683.jpg 1024w, https://premio.diariodarepublica.pt/wp-content/uploads/2022/09/dre-768x512.jpg 768w, https://premio.diariodarepublica.pt/wp-content/uploads/2022/09/dre-1536x1024.jpg 1536w, https://premio.diariodarepublica.pt/wp-content/uploads/2022/09/dre-2048x1365.jpg 2048w, https://premio.diariodarepublica.pt/wp-content/uploads/2022/09/dre-930x620.jpg 930w" sizes="(max-width: 2560px) 100vw, 2560px" /><div class="wp-block-cover__inner-container is-layout-flow wp-block-cover-is-layout-flow">
<h1 class="has-text-align-center has-background-color has-text-color wp-block-heading" style="font-size:50px;text-transform:capitalize"><strong>Concorrer</strong></h1>
</div></div>



<div style="height:50px" aria-hidden="true" class="wp-block-spacer"></div>



<p><strong>Como?</strong></p>


<p>Através do envio de uma proposta de logótipo incluindo obrigatoriamente os seguintes elementos:</p>
<ol>
<li style="list-style-type: none;">
<ol style="list-style-type: lower-alpha;">
<li>Designação do jornal oficial: “Diário da República”;</li>
<li>Alusão a elementos da Bandeira Nacional.</li>
</ol>
</li>
</ol>
<p style="text-align: justify;">A proposta de logótipo pode ainda incluir a sigla DR e deve ter a versatilidade necessária para ser utilizado em ecrã e em papel, conforme os artigos 2.º e 3.º do <a href="https://premio.dre.pt/index.php/regulamento/" target="_blank" rel="noreferrer noopener">Regulamento</a>.<!-- /wp:post-content --> <!-- wp:paragraph --></p>
<p><strong>Quando?</strong><!-- /wp:paragraph --> <!-- wp:paragraph --></p>
<p>O prazo de entrega das candidaturas termina às <strong>18 horas</strong> do dia <strong>31 de outubro de 2022</strong>.<!-- /wp:paragraph --> <!-- wp:paragraph --></p>
<p><strong>Quem?</strong><!-- /wp:paragraph --> <!-- wp:paragraph --></p>
<p>Podem apresentar propostas ao presente concurso:</p>
<ol style="list-style-type: lower-alpha;">
<li>o estudante inscrito, à data-limite de apresentação de candidaturas, num ciclo de estudos superiores classificado numa das seguintes áreas, de acordo com a <a href="https://cnaef.dgeec.mec.pt/cnaef.php" target="_blank" rel="noreferrer noopener">Classificação Nacional de Áreas de Educação e Formação – CITE-F/2013</a>:
<ol style="list-style-type: lower-roman;">
<li>0213 – Belas-Artes;</li>
<li>0212 – Design de moda, de interiores e Industrial; ou</li>
<li>0211 – Técnicas audiovisuais e produção dos media;</li>
</ol>
</li>
<li>o titular de um ciclo de estudos superiores, concluído há menos de 24 meses, classificado numa das seguintes áreas, de acordo com a <a href="https://cnaef.dgeec.mec.pt/cnaef.php" data-type="URL" data-id="https://cnaef.dgeec.mec.pt/cnaef.php">Classificação Nacional de Áreas de Educação e Formação – CITE-F/2013</a>:
<ol style="list-style-type: lower-roman;">
<li>0213 – Belas-Artes;</li>
<li>0212 – Design de moda, de interiores e Industrial; ou</li>
<li>0211 – Técnicas audiovisuais e produção dos media.<!-- wp:paragraph --></li>
</ol>
</li>
</ol>
<p>Cada candidato pode apresentar no máximo três propostas.<!-- /wp:paragraph --></p>

<!-- wp:paragraph -->
<p></p>
<!-- /wp:paragraph -->

<p>Como? Através do envio de uma proposta de logótipo incluindo obrigatoriamente os seguintes elementos: Designação do jornal oficial: “Diário da República”; Alusão a elementos da Bandeira Nacional. A proposta de logótipo pode ainda incluir a sigla DR e deve ter a versatilidade necessária para ser utilizado em ecrã e em papel, conforme os artigos 2.º&hellip;&nbsp;<a href="https://premio.diariodarepublica.pt/index.php/concorrer/" rel="bookmark">Ler mais &raquo;<span class="screen-reader-text">Concorrer</span></a></p>
